et x = o + 47. Give n(x).
-6
Let b = -18 + 20. Suppose 3*v - 25 = -b*v. Let i(x) be the first derivative of x**3/3 - 3*x**2/2 + 44. Calculate i(v).
10
Let a be (-4526)/(-279) - 2/9. Suppose -2*w + 8*s = 6*s + 2, -4*s = a. Let x(m) = -m - 9. Give x(w).
-4
Let x = 325 - 318. Let j(w) = 10*w + w**3 + 7*w - 3 - 8*w**2 - 11*w. Calculate j(x).
-10
Let l = -261 - -50. Let z = l - -218. Let u(p) = -p**3 + 6*p**2 + 8*p - 7. Determine u(z).
0
Let h(a) = a**3 - 13*a**2 + 9*a + 38. Let o be h(12). Let t(n) = 6*n + 5. Let u(w) = 32*w + 25. Let k(f) = o*u(f) - 11*t(f). Give k(6).
-17
Let s be ((-168)/70)/(3/(-10)). Suppose -z + 3*z - 7 = j, 0 = 2*z - 2*j - s. Let t(n) = z*n + n - 8*n**2 - 4*n**2 + 13*n**2 - n**3 - 1. Determine t(3).
-7
Let o(y) = 71*y**2 - y - 67*y**2 + 1 - 2. Let k be o(1). Suppose k*u + z + 20 = -z, -3*u - 5*z - 36 = 0. Let a(t) = -t**3 - 8*t**2 - 7*t + 7. Determine a(u).
7
Let r(p) = p**3 + 6*p**2 + 18*p + 57. Let d be (351/(-594) + (-3)/(-33))*10. Determine r(d).
-8
Let t(g) be the first derivative of -g**3/2 - g**2 - 34*g + 50. Let z(m) be the first derivative of t(m). Give z(-2).
4
Suppose 2 - 20 = -r. Suppose 3*k + 2*a = -36, -5*k - r = 2*a + 46. Let t(i) = -i - 12. What is t(k)?
2
Let x(s) be the second derivative of 0 + 3*s**2 - 1/12*s**4 - 48*s - 1/2*s**3. What is x(-8)?
-34
Let m(d) = -5*d + 10. Let u(w) = 263*w + 529. Let t be u(-2). Give m(t).
-5
Let g = -16 + 17. Suppose 5*h = 4*f + 32, -f - g = -2*h + 7. Let d be (f/20)/(3/(-30)). Let m(x) = x**3 - 3*x**2 - 2*x + 1. What is m(d)?
9
Let g(x) = 0*x - 2*x + 500 + 5*x**2 - 176 - 173 - 166 + x**3. Determine g(-5).
-5
Let v(u) = 10*u**3 - 25*u**2 - 60*u + 17. Let r(y) = -y**3 + 2*y**2 + 5*y - 2. Let s(c) = -11*r(c) - v(c). Calculate s(-3).
-10
Let h(l) = -l**2 + 14*l + 93. Let r be h(19). Let n(k) = 3*k**3 + 2*k**2 + 2*k - 1. What is n(r)?
-21
Let o(y) = -y + 1. Let r(p) = -4*p + 5. Let t(d) = -5*o(d) + r(d). Suppose l + 3 = 133*b - 134*b, 2*l + 4 = 0. What is t(b)?
-1
Let s(c) = 33 - c**3 + c - 96 + 36 + 2*c**2 + 4*c + 26. Give s(0).
-1
Suppose 14 + 1 = -3*m. Let c be ((-152)/(-12))/(1/3). Let h(i) = -64*i**2 + c*i**2 + 6*i + 5 + i**3 + 32*i**2. Give h(m).
0
Suppose 2*q + 0 - 32 = 0. Suppose -51 + q = 5*c + 5*k, -2*k = -5*c - 28. Let o(m) = -m. Calculate o(c).
6
Let o(l) = 15*l**2 - 5 - 29*l + 27*l**2 + 9*l - 2*l**2 - 44*l**2. Determine o(-6).
-29
Let d(n) = 9*n**3 + 2*n**2 + 14*n + 28. Let w(x) = 11*x**3 + 5*x**2 + 16*x + 29. Let s(o) = 5*d(o) - 4*w(o). Determine s(9).
-3
Let s(n) = n**3 - 6*n**2 + 3*n - 3. Let k be (-69 + 68)*(-1 + 1)/(-1). Suppose 5*i + 44 - 74 = k. Determine s(i).
15
Suppose 0 = 22*w - 27*w + 70. Let b(i) = -32*i + 56*i + w - 23*i. Give b(-7).
7
Let n(u) = 2*u - 28. Let o(f) = f - 14. Let t(c) = -3*n(c) + 5*o(c). Suppose 0 = 4*x - 4, -4*x = -31*z + 33*z - 24. Determine t(z).
4
Let v(g) = g**2 + 30*g + 4*g**2 - 34*g + 3 - 6*g**2. Give v(-5).
-2
Let l be (4/5)/((-6)/(-15)). Let q(u) = l*u - 5*u**3 - 24*u**2 + 1 + 49*u**2 - 25*u**2. What is q(-1)?
4
Let u(w) = -w**3 + 54*w**2 - 49*w - 209. Let x be (424/12)/(1239/63 - 19). Calculate u(x).
3
Let l(j) = -j - 934 + 1871 - 935 - 2*j**2 - j. Let m = 5 + -3. Calculate l(m).
-10
Let p(w) be the third derivative of -w**4/12 - w**3/6 + 12*w**2 + 25. Determine p(2).
-5
Let z(o) = -12*o + 152. Let l be z(11). Let y be -10*l/(-8)*2/10. Let b(v) = v**2 - 3*v - 7. Give b(y).
3
Let c(a) = a - 2. Let f = -41 - -59. Let b be f/(-96)*2*(-4 + -4). Calculate c(b).
1
Let g(s) be the third derivative of 15 + 2*s**2 + s**3 + 1/60*s**5 + 0*s - 3/8*s**4. What is g(8)?
-2
Suppose -3*w - 4*s = -1, 5*w + 63 = s + 34. Let g(u) = u**3 + 10*u**2 - u - 1. Let p(x) = 9*x**2 + 6 + 2*x**3 - x**3 - 8. Let a(v) = 3*g(v) - 4*p(v). Give a(w).
-5
Let g = 23 - 18. Let b(c) be the third derivative of -c**6/120 + c**5/15 + 7*c**4/24 + c**3/6 + 465*c**2. What is b(g)?
11
Let k = 166 - 260. Let q = 95 + k. Let d(f) = 14*f**2 + 2*f - 1. Give d(q).
15
Let y(g) = -g**2 + g + 1. Let h(v) be the third derivative of -v**6/120 - v**5/20 + 5*v**4/24 + v**3/6 + 31*v**2. Let k(u) = -h(u) + 2*y(u). Calculate k(-3).
-8
Let s(j) = -741*j**2 + 1 + 0*j - j + j**3 + 741*j**2. Suppose -2*b + 12 = -0*b. Let o(x) = -7*x**3 + 5*x**2 + 7*x - 4. Let h(u) = b*s(u) + o(u). Determine h(5).
7
Let y(r) = -117*r + 7. Let p(w) = 38*w. Let q(n) = 3*p(n) + y(n). Let b be (3/(-1) - -7) + -2. Let k be (30/(-5))/(2/b). Give q(k).
25
Let t be -2 - ((-4 - -3) + 3/1). Let p(h) = 3*h**2 + 0*h**2 - 3 + 4*h - 2*h**2. Calculate p(t).
-3
Let l(p) = p**3 + 4*p**2 + 3*p. Let w(h) = -8*h**3 - 62*h**2 + 17*h + 6. Let o be w(-8). Determine l(o).
2
Suppose 5*j + c - 16 = 0, 2*j + 2*c - 8 = -2*j. Let h(s) = -j - 4*s + 4 + 5*s + 2. Let i(n) = -n**2 - 26*n + 153. Let k be i(-31). Calculate h(k).
0
Let f(v) = v - 8*v + 8*v + 4. Let d = 2 + 1. Suppose d*x + 15 = 3*g - 2*x, 4*g = 3*x + 9. Calculate f(g).
4
Let j(q) = -33*q - 43*q + 119*q - 42*q - 15. Determine j(-3).
-18
Suppose -4*d - 16 = -5*x - 45, -20 = -4*d - 4*x. Let l = d - 6. Let p(c) = l + 8*c + 4 + c**2 + 2 + 1. Determine p(-7).
0
Let p(o) = -23*o - 2. Let w(z) = -6*z**2 + 6*z + 11. Let r be w(2). Determine p(r).
21
Let t(p) be the third derivative of -p**4/24 - p**3/6 + 6*p**2. Let i(y) = 4*y + 21. Let c(q) = 3*q**3 + 3*q + 2. Let o be c(-1). Let a be i(o). Calculate t(a).
-6
Let r(h) = h + h + h - h + 4. Let n(l) = -3*l + 20. Suppose -4*d + 28 = i, d - 7 = -i - 3. Let f be n(d). What is r(f)?
-4
Let w(f) = 5*f**2 + 9*f + 10. Let a(j) = j**2 + j + 1. Let s(k) = -6*a(k) + w(k). Let u be 30/9*(116/20 - 4). What is s(u)?
-14
Let s(o) = 6*o**2 + 7*o + 6. Let u be (19/38)/(1/4). Let g be -1*(u - (-3 + 4)). Let x(m) = m + 1. Let z(i) = g*s(i) + 5*x(i). Determine z(-1).
-5
Let t(d) = -8*d**2 + d + 1. Let b(n) = -34*n**2 - 9*n + 14. Let o(p) = -b(p) + 4*t(p). What is o(-7)?
-3
Let s be (4 - 0)/((-78)/195) + 8. Let q(o) = -o**3 + o**2 + 5*o + 4. Give q(s).
6
Let v(p) = -7*p + 13. Let r(x) = 51*x - 95. Let w(m) = -4*r(m) - 30*v(m). What is w(6)?
26
Let c(m) be the second derivative of -m**6/360 - 3*m**5/10 + 119*m**4/12 - 23*m. Let y(p) be the third derivative of c(p). Calculate y(-15).
-6
Let u(y) be the third derivative of -y**5/30 + 7*y**4/24 + y**3/3 + 40*y**2. Let k(a) = 2*a**3 - 3*a**2 + 4*a - 3. Let h be k(2). Let t = h + -4. What is u(t)?
-13
Let v(h) = -291175*h**3 + 9*h**2 - 8 + 3*h - 291168*h**3 + 582342*h**3. What is v(9)?
19
Suppose 5*v - 4*i = 21, 4*v - 21 = 5*i + 3. Let p(y) = 5*y + 6. Let s(w) = 2*w - 2. Let d(h) = v*p(h) + 2*s(h). Let g be 2 - (0 - -1*4). What is d(g)?
-16
Suppose -8 = -7*z + 6. Let g(d) = -9 - 9 - 2*d**z - 2*d**3 + 2*d + 26 - 7. Let i be (-48)/27 + 4/(-18). Determine g(i).
5
Let h(o) = -5 + o**2 - 5 + 45*o - 19*o - 24*o + 1. Suppose 0 = -4*b + 14 - 6. What is h(b)?
-1
Let w(u) = u**2 - 65*u + 116. Let o(j) = -2*j**2 + 108*j - 233. Let k(s) = 4*o(s) + 7*w(s). Determine k(-8).
0
Let j be (-10 + 9)*7/(-1). Let h = j - 13. Let f(k) = -k**3 + 2*k**3 + 7*k**2 - 30 + k + 4*k - 14 + 42. Calculate f(h).
4
Let p(c) = 60*c + 40*c + 47*c + 11 + 0 - 146*c. Let g be (-57)/6 + (-2)/4. Calculate p(g).
1
Let c(l) = 22*l**2 + 199*l - 69. Let g(m) = -7*m**2 - 64*m + 23. Let b(f) = -8*c(f) - 25*g(f). What is b(5)?
-8
Let h be ((-2)/7)/((-46)/7 - -6). Let n(t) be the first derivative of -2*t - h*t**4 - 3/2*t**2 - 1/3*t**3 + 7. Determine n(-2).
16
Suppose -5*s + 47 = t + 7, -t = 0. Let v(a) = a - 2 + 18 - s - a**2 - 7*a. Calculate v(-6).
8
Let d(i) = -3*i - 76 + i + 3*i + 0*i + 15. Give d(22).
-39
Let u(z) = 2*z**2 + 9*z**2 + 6 + 11*z**2 + 97*z + 7*z**2 - 19*z**2. Give u(-10).
36
Let b(s) be the second derivative of 5/2*s**2 + 4/3*s**3 - s + 22. What is b(-5)?
-35
Suppose 2*i - 12 + 20 = 4*d, 0 = -4*i - 32. Let u(x) = -1 + x**2 - 3*x + 0*x**3 + 0*x + 2*x**3. What is u(d)?
-7
Let g(x) = -12*x - 33. Let v = 5660 + -5662. Determine g(v).
-9
Let d(t) = -10*t + 11. Suppose -3*l - 3 = -3*q, 6 = 29*q - 24*q - 4*l. Determine d(q).
-9
Let c(b) = -b**2 + b - 1. Let h(z) = 9*z**2 - 53*z - 9. Let j be h(6). Let n(s) = s**3 - 2*s**2 - 3*s + 7. Let k(x) = j*c(x) - n(x). Give k(5).
-4
Let d(a) = 11*a - 74. Let v = -767 - -773. What is d(v)?
-8
Suppose k = 17*k - 0*k + 48. Let v(u) be the second derivative of u**3/2 + u**2 + 3*u. What is v(k)?
-7
Suppose -5